ctors of 3864343259.
7, 552049037
List the prime factors of 103775908.
2, 23, 53, 21283
What are the prime factors of 43281503?
3079, 14057
What are the prime factors of 6985591442?
2, 3492795721
What are the prime factors of 91204361?
23, 53, 3253
List the prime factors of 1678282384.
2, 251, 417899
What are the prime factors of 39023199?
3, 109, 39779
List the prime factors of 108842352.
2, 3, 2267549
What are the prime factors of 136040669?
331, 410999
List the prime factors of 204426224.
2, 17, 751567
What are the prime factors of 92524036?
2, 11, 29, 59, 1229
What are the prime factors of 23844828?
2, 3, 7, 31, 9157
What are the prime factors of 435438671?
10463, 41617
What are the prime factors of 2190765591?
3, 7, 43, 808699
List the prime factors of 147285415.
5, 61, 257, 1879
List the prime factors of 34596314.
2, 131, 132047
List the prime factors of 158917865.
5, 571, 55663
List the prime factors of 10251937.
10251937
What are the prime factors of 359331149?
53, 6779833
List the prime factors of 48345106.
2, 229, 105557
What are the prime factors of 2427977083?
7, 23, 61, 247223
What are the prime factors of 268011626?
2, 8963, 14951
List the prime factors of 361655225.
5, 14466209
List the prime factors of 86976500.
2, 5, 13, 13381
What are the prime factors of 122518539?
3, 11, 13, 23, 4139
List the prime factors of 34839619.
1151, 30269
What are the prime factors of 344673541?
593, 581237
What are the prime factors of 1007266354?
2, 17, 29625481
List the prime factors of 705739094.
2, 352869547
List the prime factors of 97412723.
1231, 79133
List the prime factors of 72304695.
3, 5, 1606771
What are the prime factors of 1064638484?
2, 7, 13, 32141
List the prime factors of 2469801704.
2, 29, 67, 5479
List the prime factors of 3810042607.
7, 11351, 47951
What are the prime factors of 5372517064?
2, 19, 5849, 6043
List the prime factors of 700076983.
17, 19, 2167421
List the prime factors of 4840906968.
2, 3, 23, 2923253
List the prime factors of 641541321.
3, 71282369
List the prime factors of 85125417.
3, 13, 2182703
List the prime factors of 33215573.
33215573
List the prime factors of 168507392.
2, 82279
What are the prime factors of 633021141?
3, 113, 1867319
List the prime factors of 3502956987.
3, 1193, 326251
List the prime factors of 6522387.
3, 859, 2531
List the prime factors of 4671813.
3, 29, 53699
What are the prime factors of 128182616?
2, 179, 89513
List the prime factors of 49789945.
5, 9957989
List the prime factors of 1602234783.
3, 31, 1914259
List the prime factors of 178302786.
2, 3, 1069, 27799
What are the prime factors of 629932931?
53, 11885527
List the prime factors of 58239477.
3, 6471053
What are the prime factors of 823033181?
14149, 58169
What are the prime factors of 216906829?
6317, 34337
List the prime factors of 410675835.
3, 5, 2711, 10099
What are the prime factors of 76055189?
7, 59, 184153
List the prime factors of 94325613.
3, 97, 324143
What are the prime factors of 60290798?
2, 281, 107279
List the prime factors of 179450517.
3, 59816839
List the prime factors of 589753710.
2, 3, 5, 7, 13, 127
List the prime factors of 8978746224.
2, 3, 7, 197, 135647
List the prime factors of 197406136.
2, 24675767
What are the prime factors of 21493055?
5, 89, 48299
List the prime factors of 163071631.
1129, 144439
List the prime factors of 50119427.
50119427
List the prime factors of 1920799146.
2, 3, 7, 4261, 10733
What are the prime factors of 133470359?
11, 37, 353, 929
What are the prime factors of 492015528?
2, 3, 6833549
What are the prime factors of 192784614?
2, 3, 11, 2920979
List the prime factors of 135517308.
2, 3, 281, 40189
What are the prime factors of 106094448?
2, 3, 71, 1153
What are the prime factors of 85710819?
3, 28570273
What are the prime factors of 335217858?
2, 3, 55869643
List the prime factors of 45613325.
5, 43, 151, 281
List the prime factors of 270669717.
3, 1621, 18553
List the prime factors of 32693565.
3, 5, 2179571
What are the prime factors of 5246927877?
3, 23, 109, 697637
List the prime factors of 38157011.
29, 59, 769
List the prime factors of 1627124579.
1627124579
What are the prime factors of 59902395?
3, 5, 7, 570499
List the prime factors of 65860669.
7, 17, 19, 29129
What are the prime factors of 26732419?
7, 3818917
List the prime factors of 874074189.
3, 291358063
What are the prime factors of 15212615?
5, 11, 276593
List the prime factors of 128491909.
7, 13, 41, 34439
List the prime factors of 19149203.
67, 311, 919
What are the prime factors of 88416525?
3, 5, 1178887
What are the prime factors of 8629194?
2, 3, 7, 599
What are the prime factors of 1379142747?
3, 521, 98041
What are the prime factors of 697359661?
22871, 30491
List the prime factors of 85557181.
5039, 16979
List the prime factors of 982497914.
2, 8117, 60521
List the prime factors of 3553574051.
31, 43, 53, 179, 281
What are the prime factors of 1416144195?
3, 5, 19, 552103
What are the prime factors of 71395340?
2, 5, 607, 5881
What are the prime factors of 40024790?
2, 5, 13, 499, 617
What are the prime factors of 745966136?
2, 41, 2274287
List the prime factors of 1916799226.
2, 109, 8792657
What are the prime factors of 381173850?
2, 3, 5, 94117
What are the prime factors of 82457005?
5, 29, 568669
What are the prime factors of 1436309652?
2, 3, 97, 1061, 1163
What are the prime factors of 700382926?
2, 269, 1301827
What are the prime factors of 2658678567?
3, 71, 12482059
List the prime factors of 1955344934.
2, 43, 487, 46687
What are the prime factors of 446611688?
2, 41, 503, 2707
What are the prime factors of 210665789?
991, 212579
List the prime factors of 696956673.
3, 7, 269, 123377
What are the prime factors of 264221199?
3, 11, 107, 24943
What are the prime factors of 417512350?
2, 5, 17, 89, 5519
List the prime factors of 26970056.
2, 3371257
List the prime factors of 2405374917.
3, 11, 251, 290399
What are the prime factors of 260826681?
3, 311, 279557
What are the prime factors of 660866604?
2, 3, 139, 396203
List the prime factors of 265701187.
19, 2027, 6899
List the prime factors of 70804620.
2, 3, 5, 31, 12689
What are the prime factors of 21839611?
17, 179, 7177
List the prime factors of 104899304.
2, 19, 690127
What are the prime factors of 467896339?
37, 1217, 10391
List the prime factors of 421369767.
3, 7, 13, 67, 1097
List the prime factors of 920694575.
5, 31, 1187993
What are the prime factors of 185465614?
2, 17, 29, 79, 2381
What are the prime factors of 1835351677?
23, 79797899
What are the prime factors of 35440829?
227, 156127
What are the prime factors of 721627762?
2, 360813881
What are the prime factors of 95873789?
11, 43, 202693
What are the prime factors of 1106653193?
83, 13333171
List the prime factors of 5571987708.
2, 3, 7, 66333187
What are the prime factors of 3779194557?
3, 41, 229, 134171
What are the prime factors of 267081477?
3, 13, 631, 10853
List the prime factors of 90110568.
2, 3, 3754607
What are the prime factors of 344849832?
2, 3, 1596527
What are the prime factors of 22633624?
2, 13, 367, 593
List the prime factors of 446108330.
2, 5, 44610833
What are the prime factors of 35828808?
2, 3, 31, 48157
What are the prime factors of 4176715883?
4176715883
List the prime factors of 1009500833.
11, 31, 2960413
List the prime factors of 8822141.
149, 59209
What are the prime factors of 142348121?
311, 457711
List the prime factors of 110616415.
5, 7, 13, 18701
What are the prime factors of 74180669?
83, 893743
List the prime factors of 698396408.
2, 137, 499, 1277
List the prime factors of 44999776.
2, 23, 61141
What are the prime factors of 157831726?
2, 13, 31, 59, 3319
List the prime factors of 94974260.
2, 5, 4748713
What are the prime factors of 2893516450?
2, 5, 11, 17, 53, 5839
What are the prime factors of 4907504455?
5, 7, 6163, 22751
List the prime factors of 64252556.
2, 73, 293, 751
List the prime factors of 1001291345.
5, 71, 523, 5393
List the prime factors of 1581457239.
3, 12799, 13729
List the prime factors of 261696814.
2, 317, 412771
List the prime factors of 2057271244.
2, 7, 277, 265249
What are the prime factors of 414257098?
2, 43, 283, 17021
List the prime factors of 730259963.
31, 79, 298187
What are the pri